ive of -1/2*n**4 - 1/20*n**5 - 2*n + 11/6*n**3 + 0 - 1/2*n**2. Is m(-8) prime?
False
Is (-2 + 4756)*(-228)/(-24) a prime number?
False
Let c(t) = t - 37*t**3 - 2*t + 3*t + 1. Let k be c(-3). Suppose 3*v - k = v. Is v prime?
False
Suppose -9*o + 959681 = 301052. Is o a prime number?
True
Let j(w) = -12*w**2 - 2. Let i be j(-3). Let t = 375 - i. Is t a prime number?
False
Let u(d) = -d**3 + 5*d**2 + 7*d - 2. Let c be u(6). Is ((-19854)/(-27))/(c/6) composite?
False
Let i(w) = -6*w**2 + w + 30089. Is i(0) a prime number?
True
Suppose -11*u - 8 = -63. Suppose 0 = 4*p - u*p + 611. Is p composite?
True
Suppose -4 = v - 2. Is (1 + 1)/((-5616)/(-2802) + v) a composite number?
False
Let c = -21 + 34. Let v = -10 + c. Suppose -4*m + 129 = v*q - 167, -4*m + 5*q + 328 = 0. Is m prime?
False
Suppose -3*g = -9, 4027 = u + 3*g - 4245. Is u a prime number?
True
Suppose 10*o - 7*o - u - 3640 = 0, 0 = 4*u + 4. Is o a prime number?
True
Is ((-55353)/15)/((-2)/10) prime?
True
Suppose 2*w + 6 = 5*w. Suppose -w*y + 1481 = -y. Is y prime?
True
Suppose 2609 = -h + 11872. Is h composite?
True
Let x = 5146 + 693. Is x prime?
True
Suppose -6240 = -3*m + 3*k, 3*k - 2427 - 1718 = -2*m. Is m a composite number?
True
Let j = 6 + 1. Suppose 0 = -v + 402 - j. Is v composite?
True
Suppose -q - d = -170 + 663, -4*d + 1932 = -4*q. Let c = 776 + q. Let i = -193 + c. Is i prime?
False
Let y = 19 + 2. Let b = 25 - y. Suppose 2*h - 1321 = -2*w - h, b*w - 2597 = 3*h. Is w a composite number?
False
Suppose -2*p = -3*k + p + 41367, -4*k + 55160 = -3*p. Is k prime?
False
Suppose 4*z + 32848 = 12*z. Is z a prime number?
False
Let h(a) = a**3 + 17*a**2 + 8*a - 10. Let k be h(-13). Suppose -5*f = 77 - k. Is f a prime number?
True
Suppose 0*l + 13 = 5*i + 2*l, -4*i + 3*l + 15 = 0. Is i - 264/(-3 - 1) prime?
False
Is 4 + (-6 - -3) + 9306 a composite number?
True
Is 12871/(7/((-35)/(-10)) - 1) a prime number?
False
Suppose 264*n - 272*n + 56456 = 0. Is n composite?
False
Let t be 4/18 + 32/18. Suppose -6 = -q + t*q. Is 1/q + 22722/36 a composite number?
False
Let j(q) = 66*q**2 + 6*q - 19. Let b(l) = 2*l + 12. Let i be b(-4). Is j(i) composite?
False
Let x be 0/(2 - -2 - 3). Suppose 10 + x = 2*v. Is 5*(v*22 - 3) a prime number?
False
Suppose -2 = -5*f + 13, -f + 8482 = h. Is h prime?
False
Suppose 3*c + 66 = 54, 4*r + c - 175512 = 0. Is r a composite number?
True
Suppose -3*f = 308 + 496. Let u = f + 588. Suppose -3*z = 5*r + 2*z - u, -r + 58 = 3*z. Is r prime?
True
Let p = -34 - -28. Is 9/(-54) - 2995/p prime?
True
Let l(c) = -33*c - 3 + 8 + 3 - 17*c. Is l(-7) a composite number?
True
Suppose -2*d + 492 = -408. Let w = d + 66. Suppose -w = -2*n + 278. Is n composite?
False
Let n = 22199 + -2242. Is n prime?
False
Suppose 2*k + 2*k - 8 = 0. Is (-434 - (5 - k))*-1 composite?
True
Let m(v) = 62*v**2 - 56*v - 11. Is m(-10) a composite number?
True
Let d(n) = 167*n**2 - n. Let w(i) = i**3 + 4*i**2 - 6*i - 4. Let v be w(-5). Is d(v) a prime number?
False
Suppose 19*t - 16 = 15*t. Suppose -2*p - p + 1274 = t*j, 8 = 4*p. Is j composite?
False
Let p be 29370/75*(-5)/(-2). Suppose 8*r - p = -4*o + 3*r, r = 2*o - 507. Is o composite?
False
Let m(i) = -52*i**3 - i**2 - i - 1. Suppose -3*n = -0 - 6. Suppose -10 = n*k + 4*c, -3*c = -3*k - 2*k + 1. Is m(k) composite?
True
Suppose -6*w = -3*w + 9. Let f = w + 5. Suppose -v = -0*z - f*z + 363, 5*z - 2*v = 905. Is z prime?
True
Let j = -40297 - -98340. Is j prime?
True
Let k be ((-10)/8)/((-19)/760). Let x be ((-40)/k)/(2/(-10)). Suppose -l - 293 = -x*l - 2*r, 5*l - 482 = 3*r. Is l a composite number?
False
Let z = 8288 + -4039. Is z a prime number?
False
Is 15/3 + 17013 + -7 composite?
False
Let o(j) be the first derivative of -j**4/4 + 25*j**3/3 - 5*j**2 + 3*j + 15. Is o(10) composite?
True
Suppose -9090 = 5*l - 4*z - 32679, 3*z = l - 4709. Is l a prime number?
True
Suppose 11*r - 30 = r. Suppose i - r*i = -402. Is i a composite number?
True
Is (-2)/(-13) + (-30516)/(-52) a prime number?
True
Let m(o) = 80810*o**2 - 1. Is m(-1) a composite number?
False
Let v = 1427 + -2002. Is 1*-17*v/25 a composite number?
True
Let w = 1535 - -2664. Let d = w - 1962. Is d prime?
True
Suppose 10*a - 309690 - 31460 = 0. Is a a composite number?
True
Let n be (177*(-7)/14)/(3/(-8)). Suppose 0 = -z + 3*z - n. Is z prime?
False
Let g(w) = 63*w**2 + 6*w - 20. Is g(7) a prime number?
True
Suppose -b = 3*j - 10052, 3*j = 14 + 1. Is b a prime number?
True
Suppose 0 = -12*f + 2727 + 6813. Suppose q = -4*o + 831, q + 0*o = 5*o + f. Is q a composite number?
True
Let l = 89 + 732. Let x = -484 + l. Is x a prime number?
True
Suppose 560 = 5*a + 3*f, -4*a = 2*f - 0*f - 450. Suppose -2*n = -a - 147. Is n prime?
True
Suppose -2*p = 2 + 10. Let q(w) = 27*w**2 - 5*w + 1. Let k be q(p). Let f = 1434 - k. Is f a composite number?
False
Suppose 0 = 4*h + 3*w - 3911, 0 = 4*h - 21*w + 18*w - 3905. Is h a prime number?
True
Suppose -4*n + x + 310 = 0, -2*n - 6*x + 166 = -x. Let h = 111 + -182. Let z = n - h. Is z composite?
False
Let v(z) = 7*z**3 - 3*z**2 + 6*z + 3. Let a be v(7). Is 21/(-49) - (1 - a/7) a prime number?
False
Suppose 10*y - 37356 - 4654 = 0. Is y composite?
False
Suppose r = 0, 2*r - 34554 = -2*q + 69980. Is q composite?
False
Suppose -3*z - 2*w = -21179, -4*z - 8*w + 3*w = -28248. Is z composite?
False
Suppose 3*n - 5442 = 651. Suppose n = -0*z + 3*z. Is z prime?
True
Let f(c) = 2*c**3 + 4*c**2 + 3*c. Let i be f(-2). Is 4/i + 26323/33 prime?
True
Is ((-28360)/24 - 1)*(-6)/4 prime?
False
Let t(j) = j + 91. Let q(r) = -3*r - 183. Let x(i) = 2*q(i) + 5*t(i). Is x(0) prime?
True
Let p = -1731 + 2493. Let r = p - -25. Is r prime?
True
Let l = 15 + -10. Suppose l*m + 5*x - 325 = 0, 17 - 1 = -4*x. Is m composite?
True
Let f = 6 + -5. Suppose -5*b = f + 4. Is 4*65 + b/1 prime?
False
Suppose 28*v - 31528 = 20*v. Is v a composite number?
True
Is (-30225)/(-4) + 10/(-8) composite?
True
Let h(c) = 16*c - 7. Let g be h(12). Suppose -p - 3*k = -g, 0 = -3*p + p - k + 380. Is p prime?
True
Let k(z) = 17*z**3 - 26*z - 58*z**3 + 23*z**3 - 3 - 22*z**2 + 16*z**3. Is k(-14) prime?
False
Suppose -5*o = -i - 10, 0 = o - 0*o - 4*i - 2. Suppose -5*y = -5, n + n - 10 = -o*y. Suppose 2*g = -g + n*k + 99, 5*k = 0. Is g a prime number?
False
Let y(c) = 2*c - 7. Suppose 7 + 3 = 2*b. Let l be y(b). Suppose l*w - 64 = 338. Is w a prime number?
False
Suppose 0*m + 88752 = 4*m - 4*p, 2*m + p = 44379. Is m prime?
True
Let g(r) = -1226*r. Let z be g(-1). Let m = -473 + z. Is m a composite number?
True
Let l = -143 - -218. Suppose -u + l = 4*u. Let h(s) = s**2 - 12*s + 10. Is h(u) a composite number?
True
Let n = 5043 + -11473. Let l be n*(-4)/20*2. Is -2*(l/(-8) - -4) prime?
False
Suppose 4*s + 3*x = 19, 0 = -4*s + 3*x - 12 + 1. Is (-58605)/(-60) + s/4 a prime number?
True
Suppose 0 = 3*t + m + 29170 + 32156, 5*t - m = -102210. Let f be t/(-21) + (-9)/21. Suppose 2*a - f = 517. Is a a prime number?
False
Let a = 6670 - -4329. Is a a prime number?
False
Let o = 6603 + 1590. Is (-3 - o/(-12))/((-4)/(-16)) a prime number?
True
Let y(r) = -130*r - 25. Suppose s = -5*v, -1 = 3*s + 4*v + 32. Let b be y(s). Is b/22 + 1/(-2) a composite number?
True
Let c(x) = x**2 - 14*x - 19. Let k be c(15). Is (-7)/(196/(-17676)) + k/14 a composite number?
False
Suppose -5*u - 2390 = -5*s, -5*s + u + u = -2390. Let c = -229 + s. Is c a composite number?
True
Let y(v) = 3*v**3 - 12*v**2 - 7*v + 10. Is y(11) prime?
False
Suppose 0 = -4*f + 3*a + 21, 4*f + a + 3 = -4*a. Let w(m) = -3 - 6*m**3 - 50*m**f + 2*m - m + 4 - m**2. Is w(-1) a prime number?
False
Let p = 13 + -11. Let d be (-198)/(-1) - 2/p. Let r = -104 + d. Is r composite?
True
Let r(x) be the third derivative of -x**5/60 - x**4/4 - x**3/2 - 3*x**2. Let s be r(-2). Suppose s*d = d + 124. Is d prime?
True
Suppose -2*g + 858 = 4*a, -g = a - 4*a - 429. Let t = 314 + g. Is t composite?
False
Let j(l) = 5*l**2 + 15*l - 21*l**2 + 2*l**3 - 291 + 287. Is j(11) a composite number?
False
Suppose 4*o = -3*m + 145, 5*o - m - 193 = -7. Suppose -w = 2*w - j - 12, 4*j = -5*w + o. Is 0 - -116 - (w - 4) prime?
False
Let l = 71 - 45. Let d(z) = -11*z. Let u be d(-1). Suppose u = m - l. Is m a composite number?
False
Suppose 3 = -2*l + 5. Let a be (-7 - (-6)/2) + l. Is 23 + 0*a/(-12) prime?
